{"id":1398,"date":"2022-09-13T17:52:24","date_gmt":"2022-09-13T17:52:24","guid":{"rendered":"https:\/\/www.estradarealfm.com.br\/1033\/?page_id=1398"},"modified":"2022-09-22T20:55:46","modified_gmt":"2022-09-22T20:55:46","slug":"noticias","status":"publish","type":"page","link":"https:\/\/www.estradarealfm.com.br\/1033\/noticias\/","title":{"rendered":"Noticias"},"content":{"rendered":"\t\t<div data-elementor-type=\"wp-page\" data-elementor-id=\"1398\" class=\"elementor elementor-1398\" data-elementor-settings=\"[]\">\n\t\t\t\t\t\t<div class=\"elementor-inner\">\n\t\t\t\t\t\t\t<div class=\"elementor-section-wrap\">\n\t\t\t\t\t\t\t<section class=\"elementor-section elementor-top-section elementor-element elementor-element-eb6df42 elementor-section-full_width elementor-section-height-default elementor-section-height-default\" data-id=\"eb6df42\" data-element_type=\"section\" data-settings=\"{&quot;background_background&quot;:&quot;classic&quot;,&quot;_ha_eqh_enable&quot;:false}\">\n\t\t\t\t\t\t<div class=\"elementor-container elementor-column-gap-default\">\n\t\t\t\t\t\t\t<div class=\"elementor-row\">\n\t\t\t\t\t<div class=\"elementor-column elementor-col-33 elementor-top-column elementor-element elementor-element-78d6658 elementor-hidden-mobile\" data-id=\"78d6658\" data-element_type=\"column\" data-settings=\"{&quot;background_background&quot;:&quot;classic&quot;}\">\n\t\t\t<div class=\"elementor-column-wrap\">\n\t\t\t\t\t\t\t<div class=\"elementor-widget-wrap\">\n\t\t\t\t\t\t\t\t<\/div>\n\t\t\t\t\t<\/div>\n\t\t<\/div>\n\t\t\t\t<div class=\"elementor-column elementor-col-33 elementor-top-column elementor-element elementor-element-07fbeb2\" data-id=\"07fbeb2\" data-element_type=\"column\">\n\t\t\t<div class=\"elementor-column-wrap elementor-element-populated\">\n\t\t\t\t\t\t\t<div class=\"elementor-widget-wrap\">\n\t\t\t\t\t\t<div class=\"elementor-element elementor-element-0ea99e3 elementor-widget elementor-widget-heading\" data-id=\"0ea99e3\" data-element_type=\"widget\" data-widget_type=\"heading.default\">\n\t\t\t\t<div class=\"elementor-widget-container\">\n\t\t\t<h4 class=\"elementor-heading-title elementor-size-default\">Not\u00edcias<\/h4>\t\t<\/div>\n\t\t\t\t<\/div>\n\t\t\t\t\t\t<\/div>\n\t\t\t\t\t<\/div>\n\t\t<\/div>\n\t\t\t\t<div class=\"elementor-column elementor-col-33 elementor-top-column elementor-element elementor-element-7f59540\" data-id=\"7f59540\" data-element_type=\"column\">\n\t\t\t<div class=\"elementor-column-wrap\">\n\t\t\t\t\t\t\t<div class=\"elementor-widget-wrap\">\n\t\t\t\t\t\t\t\t<\/div>\n\t\t\t\t\t<\/div>\n\t\t<\/div>\n\t\t\t\t\t\t\t\t<\/div>\n\t\t\t\t\t<\/div>\n\t\t<\/section>\n\t\t\t\t<section class=\"elementor-section elementor-top-section elementor-element elementor-element-1b7a90ee elementor-section-full_width elementor-section-stretched elementor-section-height-default elementor-section-height-default\" data-id=\"1b7a90ee\" data-element_type=\"section\" data-settings=\"{&quot;stretch_section&quot;:&quot;section-stretched&quot;,&quot;_ha_eqh_enable&quot;:false}\">\n\t\t\t\t\t\t<div class=\"elementor-container elementor-column-gap-default\">\n\t\t\t\t\t\t\t<div class=\"elementor-row\">\n\t\t\t\t\t<div class=\"elementor-column elementor-col-33 elementor-top-column elementor-element elementor-element-580e2347\" data-id=\"580e2347\" data-element_type=\"column\">\n\t\t\t<div class=\"elementor-column-wrap\">\n\t\t\t\t\t\t\t<div class=\"elementor-widget-wrap\">\n\t\t\t\t\t\t\t\t<\/div>\n\t\t\t\t\t<\/div>\n\t\t<\/div>\n\t\t\t\t<div class=\"elementor-column elementor-col-33 elementor-top-column elementor-element elementor-element-5192b23b\" data-id=\"5192b23b\" data-element_type=\"column\">\n\t\t\t<div class=\"elementor-column-wrap elementor-element-populated\">\n\t\t\t\t\t\t\t<div class=\"elementor-widget-wrap\">\n\t\t\t\t\t\t<div class=\"elementor-element elementor-element-67f3c829 elementor-grid-3 elementor-grid-tablet-2 elementor-grid-mobile-1 elementor-posts--thumbnail-top elementor-widget elementor-widget-posts\" data-id=\"67f3c829\" data-element_type=\"widget\" data-settings=\"{&quot;pagination_type&quot;:&quot;prev_next&quot;,&quot;classic_columns&quot;:&quot;3&quot;,&quot;classic_columns_tablet&quot;:&quot;2&quot;,&quot;classic_columns_mobile&quot;:&quot;1&quot;,&quot;classic_row_gap&quot;:{&quot;unit&quot;:&quot;px&quot;,&quot;size&quot;:35,&quot;sizes&quot;:[]}}\" data-widget_type=\"posts.classic\">\n\t\t\t\t<div class=\"elementor-widget-container\">\n\t\t\t\t\t<div class=\"elementor-posts-container elementor-posts elementor-posts--skin-classic elementor-grid\">\n\t\t\t\t<article class=\"elementor-post elementor-grid-item post-1428 post type-post status-publish format-standard hentry category-uncategorized\">\n\t\t\t\t<div class=\"elementor-post__text\">\n\t\t\t\t<h3 class=\"elementor-post__title\">\n\t\t\t<a href=\"https:\/\/www.estradarealfm.com.br\/1033\/prefeitura-de-itabirito-reforca-acoes-de-combate-a-dengue\/\" >\n\t\t\t\tPrefeitura de Itabirito refor\u00e7a a\u00e7\u00f5es de combate \u00e0 dengue\t\t\t<\/a>\n\t\t<\/h3>\n\t\t\t\t<div class=\"elementor-post__meta-data\">\n\t\t\t\t\t<span class=\"elementor-post-date\">\n\t\t\tMar\u00e7o 9, 2023\t\t<\/span>\n\t\t\t\t<span class=\"elementor-post-avatar\">\n\t\t\tSem coment\u00e1rios\t\t<\/span>\n\t\t\t\t<\/div>\n\t\t\t\t<div class=\"elementor-post__excerpt\">\n\t\t\t<p>A Prefeitura de Itabirito, por meio da Secretaria de Sa\u00fade, est\u00e1 refor\u00e7ando as a\u00e7\u00f5es de combate ao mosquito&nbsp;Aedes&nbsp;aegytpi&nbsp;ap\u00f3s o munic\u00edpio registrar quatro casos de dengue, todos eles importados, nos primeiros<\/p>\n\t\t<\/div>\n\t\t\t\t\t<a class=\"elementor-post__read-more\" href=\"https:\/\/www.estradarealfm.com.br\/1033\/prefeitura-de-itabirito-reforca-acoes-de-combate-a-dengue\/\" >\n\t\t\t\tLeia mais \u00bb\t\t\t<\/a>\n\t\t\t\t<\/div>\n\t\t\t\t<\/article>\n\t\t\t\t<article class=\"elementor-post elementor-grid-item post-1366 post type-post status-publish format-standard has-post-thumbnail hentry category-noticias\">\n\t\t\t\t<a class=\"elementor-post__thumbnail__link\" href=\"https:\/\/www.estradarealfm.com.br\/1033\/100-aprovada-maior-julifest-de-todos-os-tempos-reune-cerca-de-100-mil-pessoas-com-programacao-diversificada-e-seguranca-historica\/\" >\n\t\t\t<div class=\"elementor-post__thumbnail\"><img width=\"900\" height=\"600\" src=\"https:\/\/www.estradarealfm.com.br\/1033\/wp-content\/uploads\/2022\/07\/m_91_0_1_19072022142311.jpg\" class=\"attachment-full size-full\" alt=\"\" loading=\"lazy\" srcset=\"https:\/\/www.estradarealfm.com.br\/1033\/wp-content\/uploads\/2022\/07\/m_91_0_1_19072022142311.jpg 900w, https:\/\/www.estradarealfm.com.br\/1033\/wp-content\/uploads\/2022\/07\/m_91_0_1_19072022142311-300x200.jpg 300w, https:\/\/www.estradarealfm.com.br\/1033\/wp-content\/uploads\/2022\/07\/m_91_0_1_19072022142311-768x512.jpg 768w\" sizes=\"(max-width: 900px) 100vw, 900px\" \/><\/div>\n\t\t<\/a>\n\t\t\t\t<div class=\"elementor-post__text\">\n\t\t\t\t<h3 class=\"elementor-post__title\">\n\t\t\t<a href=\"https:\/\/www.estradarealfm.com.br\/1033\/100-aprovada-maior-julifest-de-todos-os-tempos-reune-cerca-de-100-mil-pessoas-com-programacao-diversificada-e-seguranca-historica\/\" >\n\t\t\t\t100% aprovada: maior Julifest de todos os tempos re\u00fane cerca de 100 mil pessoas com programa\u00e7\u00e3o diversificada e seguran\u00e7a hist\u00f3rica\t\t\t<\/a>\n\t\t<\/h3>\n\t\t\t\t<div class=\"elementor-post__meta-data\">\n\t\t\t\t\t<span class=\"elementor-post-date\">\n\t\t\tJulho 20, 2022\t\t<\/span>\n\t\t\t\t<span class=\"elementor-post-avatar\">\n\t\t\tSem coment\u00e1rios\t\t<\/span>\n\t\t\t\t<\/div>\n\t\t\t\t<div class=\"elementor-post__excerpt\">\n\t\t\t<p>Reunindo cerca de 100 mil pessoas durante os quatro dias de evento, a 29\u00aa Julifest, realizada entre 14 e 17 de julho, foi oficialmente a maior edi\u00e7\u00e3o de todos os<\/p>\n\t\t<\/div>\n\t\t\t\t\t<a class=\"elementor-post__read-more\" href=\"https:\/\/www.estradarealfm.com.br\/1033\/100-aprovada-maior-julifest-de-todos-os-tempos-reune-cerca-de-100-mil-pessoas-com-programacao-diversificada-e-seguranca-historica\/\" >\n\t\t\t\tLeia mais \u00bb\t\t\t<\/a>\n\t\t\t\t<\/div>\n\t\t\t\t<\/article>\n\t\t\t\t<article class=\"elementor-post elementor-grid-item post-1260 post type-post status-publish format-standard has-post-thumbnail hentry category-noticias\">\n\t\t\t\t<a class=\"elementor-post__thumbnail__link\" href=\"https:\/\/www.estradarealfm.com.br\/1033\/com-presenca-de-campeao-mundial-itabirito-sediara-competicao-internacional-de-ciclismo-nos-dias-26-e-27-de-marco\/\" >\n\t\t\t<div class=\"elementor-post__thumbnail\"><img width=\"1280\" height=\"853\" src=\"https:\/\/www.estradarealfm.com.br\/1033\/wp-content\/uploads\/2022\/04\/m_91_2_1_17032022135909.jpg\" class=\"attachment-full size-full\" alt=\"\" loading=\"lazy\" srcset=\"https:\/\/www.estradarealfm.com.br\/1033\/wp-content\/uploads\/2022\/04\/m_91_2_1_17032022135909.jpg 1280w, https:\/\/www.estradarealfm.com.br\/1033\/wp-content\/uploads\/2022\/04\/m_91_2_1_17032022135909-300x200.jpg 300w, https:\/\/www.estradarealfm.com.br\/1033\/wp-content\/uploads\/2022\/04\/m_91_2_1_17032022135909-1024x682.jpg 1024w, https:\/\/www.estradarealfm.com.br\/1033\/wp-content\/uploads\/2022\/04\/m_91_2_1_17032022135909-768x512.jpg 768w, https:\/\/www.estradarealfm.com.br\/1033\/wp-content\/uploads\/2022\/04\/m_91_2_1_17032022135909-1200x800.jpg 1200w\" sizes=\"(max-width: 1280px) 100vw, 1280px\" \/><\/div>\n\t\t<\/a>\n\t\t\t\t<div class=\"elementor-post__text\">\n\t\t\t\t<h3 class=\"elementor-post__title\">\n\t\t\t<a href=\"https:\/\/www.estradarealfm.com.br\/1033\/com-presenca-de-campeao-mundial-itabirito-sediara-competicao-internacional-de-ciclismo-nos-dias-26-e-27-de-marco\/\" >\n\t\t\t\tCom presen\u00e7a de campe\u00e3o mundial, Itabirito sediar\u00e1 competi\u00e7\u00e3o internacional de ciclismo nos dias 26 e 27 de mar\u00e7o\t\t\t<\/a>\n\t\t<\/h3>\n\t\t\t\t<div class=\"elementor-post__meta-data\">\n\t\t\t\t\t<span class=\"elementor-post-date\">\n\t\t\tAbril 21, 2022\t\t<\/span>\n\t\t\t\t<span class=\"elementor-post-avatar\">\n\t\t\tSem coment\u00e1rios\t\t<\/span>\n\t\t\t\t<\/div>\n\t\t\t\t<div class=\"elementor-post__excerpt\">\n\t\t\t<p>Com a expectativa de muita adrenalina e disputas de tirar o f\u00f4lego, Itabirito sediar\u00e1 no dias 26 e 27 de mar\u00e7o a 1\u00aa etapa da Internacional Chaoyang Estrada Real de<\/p>\n\t\t<\/div>\n\t\t\t\t\t<a class=\"elementor-post__read-more\" href=\"https:\/\/www.estradarealfm.com.br\/1033\/com-presenca-de-campeao-mundial-itabirito-sediara-competicao-internacional-de-ciclismo-nos-dias-26-e-27-de-marco\/\" >\n\t\t\t\tLeia mais \u00bb\t\t\t<\/a>\n\t\t\t\t<\/div>\n\t\t\t\t<\/article>\n\t\t\t\t<\/div>\n\n\n\t\t\n\t\t\t\t<div class=\"e-load-more-anchor\" data-page=\"1\" data-max-page=\"3\"><\/div>\n\t\t\t\t<nav class=\"elementor-pagination\" role=\"navigation\" aria-label=\"Pagination\">\n\t\t\t<span class=\"page-numbers prev\">&laquo; Anterior<\/span>\n<a class=\"page-numbers next\" href=\"https:\/\/www.estradarealfm.com.br\/1033\/wp-json\/wp\/v2\/pages\/1398\/page\/2\/\">Pr\u00f3ximo &raquo;<\/a>\t\t<\/nav>\n\t\t\t\t<\/div>\n\t\t\t\t<\/div>\n\t\t\t\t\t\t<\/div>\n\t\t\t\t\t<\/div>\n\t\t<\/div>\n\t\t\t\t<div class=\"elementor-column elementor-col-33 elementor-top-column elementor-element elementor-element-8af0738\" data-id=\"8af0738\" data-element_type=\"column\">\n\t\t\t<div class=\"elementor-column-wrap elementor-element-populated\">\n\t\t\t\t\t\t\t<div class=\"elementor-widget-wrap\">\n\t\t\t\t\t\t\t\t<\/div>\n\t\t\t\t\t<\/div>\n\t\t<\/div>\n\t\t\t\t\t\t\t\t<\/div>\n\t\t\t\t\t<\/div>\n\t\t<\/section>\n\t\t\t\t\t\t<\/div>\n\t\t\t\t\t\t<\/div>\n\t\t\t\t\t<\/div>\n\t\t","protected":false},"excerpt":{"rendered":"<p>Not\u00edcias<\/p>\n","protected":false},"author":1,"featured_media":0,"parent":0,"menu_order":0,"comment_status":"closed","ping_status":"closed","template":"elementor_header_footer","meta":[],"_links":{"self":[{"href":"https:\/\/www.estradarealfm.com.br\/1033\/wp-json\/wp\/v2\/pages\/1398"}],"collection":[{"href":"https:\/\/www.estradarealfm.com.br\/1033\/wp-json\/wp\/v2\/pages"}],"about":[{"href":"https:\/\/www.estradarealfm.com.br\/1033\/wp-json\/wp\/v2\/types\/page"}],"author":[{"embeddable":true,"href":"https:\/\/www.estradarealfm.com.br\/1033\/wp-json\/wp\/v2\/users\/1"}],"replies":[{"embeddable":true,"href":"https:\/\/www.estradarealfm.com.br\/1033\/wp-json\/wp\/v2\/comments?post=1398"}],"version-history":[{"count":9,"href":"https:\/\/www.estradarealfm.com.br\/1033\/wp-json\/wp\/v2\/pages\/1398\/revisions"}],"predecessor-version":[{"id":1421,"href":"https:\/\/www.estradarealfm.com.br\/1033\/wp-json\/wp\/v2\/pages\/1398\/revisions\/1421"}],"wp:attachment":[{"href":"https:\/\/www.estradarealfm.com.br\/1033\/wp-json\/wp\/v2\/media?parent=1398"}],"curies":[{"name":"wp","href":"https:\/\/api.w.org\/{rel}","templated":true}]}}